{"id":434,"date":"2024-05-05T23:23:04","date_gmt":"2024-05-05T21:23:04","guid":{"rendered":"http:\/\/lespetitscineastesdugolfe.org\/?page_id=434"},"modified":"2024-05-15T18:54:18","modified_gmt":"2024-05-15T16:54:18","slug":"selection-2024-films-faits-a-la-maison","status":"publish","type":"page","link":"https:\/\/lespetitscineastesdugolfe.org\/?page_id=434","title":{"rendered":"S\u00e9lection 2024 Films faits \u00e0 la maison"},"content":{"rendered":"<h1>CAT\u00c9GORIE \u00c9L\u00c8VES SCOLARIS\u00c9S \u00c0 L&#8217;\u00c9COLE PRIMAIRE<\/h1>\n<p><i style=\"font-size: 17px; font-weight: 400;\">#31 Une nuit d\u2019horreur <\/i><span style=\"font-weight: 400;\">&#8211; <\/span><span style=\"font-weight: 400;\">Alexia Chalhoub, Malek Kazoun, Mohammed Fakhreddine, Michel Chalhoub &#8211; <\/span><span style=\"font-weight: 400;\">\u00c9cole fran\u00e7aise internationale de Djeddah<\/span><\/p>\n<p><iframe loading=\"lazy\" title=\"YouTube video player\" src=\"https:\/\/www.youtube.com\/embed\/oCHYzW7AXnU?si=0d0pD1gATpl0MenF\" width=\"560\" height=\"315\" frameborder=\"0\" allowfullscreen=\"allowfullscreen\"><\/iframe><\/p>\n<p><i style=\"font-size: 17px; font-weight: 400;\">#32 Mon fr\u00e8re a disparu <\/i><span style=\"font-weight: 400;\">&#8211; <\/span><span style=\"font-weight: 400;\">Mohamed Belhadj Jrad et Jed Besbes &#8211; <\/span><span style=\"font-weight: 400;\">\u00c9cole fran\u00e7aise internationale de Djeddah<\/span><\/p>\n<p><iframe loading=\"lazy\" title=\"YouTube video player\" src=\"https:\/\/www.youtube.com\/embed\/t0L80R4Pnbo?si=nbjINNHkTOazfWZ2\" width=\"560\" height=\"315\" frameborder=\"0\" allowfullscreen=\"allowfullscreen\"><\/iframe><\/p>\n<p><i style=\"font-size: 17px; font-weight: 400;\">#33 Le carnaval de Rio<\/i><span style=\"font-weight: 400;\"> &#8211; Maria Nasser &#8211; \u00c9cole fran\u00e7aise internationale de Djeddah<\/span><\/p>\n<p><iframe loading=\"lazy\" title=\"YouTube video player\" src=\"https:\/\/www.youtube.com\/embed\/zOVarNB3Vvo?si=RHe2KLXaq3uQG5rC\" width=\"560\" height=\"315\" frameborder=\"0\" allowfullscreen=\"allowfullscreen\"><\/iframe><\/p>\n<p><i style=\"font-size: 17px; font-weight: 400;\">#34 L\u2019aventure de Tom Castel<\/i><span style=\"font-weight: 400;\"> &#8211; <\/span><span style=\"font-weight: 400;\">Fawaz Rached<\/span><span style=\"font-weight: 400;\">&#8211; \u00c9cole fran\u00e7aise internationale de Djeddah<\/span><\/p>\n<p><iframe loading=\"lazy\" title=\"YouTube video player\" src=\"https:\/\/www.youtube.com\/embed\/Jt8sKJNTVnc?si=Oj4RvYb5wLT9FzaQ\" width=\"560\" height=\"315\" frameborder=\"0\" allowfullscreen=\"allowfullscreen\"><\/iframe><\/p>\n<p><i style=\"font-size: 17px; font-weight: 400;\">#35 Mon h\u00e9ro Totorobot<\/i><span style=\"font-weight: 400;\"> &#8211; <\/span><span style=\"font-weight: 400;\">Yassine Chenini- <\/span><span style=\"font-weight: 400;\">\u00c9cole fran\u00e7aise internationale de Djeddah<\/span><\/p>\n<p><iframe loading=\"lazy\" title=\"YouTube video player\" src=\"https:\/\/www.youtube.com\/embed\/Utcgap8v_ro?si=MNLWfN6-xDdQy_Wk\" width=\"560\" height=\"315\" frameborder=\"0\" allowfullscreen=\"allowfullscreen\"><\/iframe><\/p>\n<p><i style=\"font-size: 17px; font-weight: 400;\">#36 L\u2019intelligence et la beaut\u00e9 <\/i><span style=\"font-weight: 400;\">&#8211; <\/span><span style=\"font-weight: 400;\">Yasma Arabi Haddad, Jiyan Sergent, Alia Enan, Yasmine Hachem\u00a0 &#8211; <\/span><span style=\"font-weight: 400;\">\u00c9cole fran\u00e7aise internationale de Djeddah<\/span><\/p>\n<p><iframe loading=\"lazy\" title=\"YouTube video player\" src=\"https:\/\/www.youtube.com\/embed\/sJfhtush6oc?si=Y5PWn77nrUzwXcHJ\" width=\"560\" height=\"315\" frameborder=\"0\" allowfullscreen=\"allowfullscreen\"><\/iframe><\/p>\n<p><i style=\"font-size: 17px; font-weight: 400;\">#37 C&#8217;est quoi le Souimanga de Palestine ? <\/i><span style=\"font-weight: 400;\">&#8211; Younes Waheed &#8211; Lyc\u00e9e fran\u00e7ais MLF Balzac<\/span><\/p>\n<p><iframe loading=\"lazy\" title=\"YouTube video player\" src=\"https:\/\/www.youtube.com\/embed\/OxRQWBRVFjI?si=CCXFNrA6wLNU91x-\" width=\"560\" height=\"315\" frameborder=\"0\" allowfullscreen=\"allowfullscreen\"><\/iframe><\/p>\n<p><i style=\"font-size: 17px; font-weight: 400;\">#38 Les 5 animaux les plus dangereux <\/i><span style=\"font-weight: 400;\">&#8211; Talia et Sebba &#8211;\u00a0 Lyc\u00e9e fran\u00e7ais MLF Balzac<\/span><\/p>\n<p><iframe loading=\"lazy\" title=\"YouTube video player\" src=\"https:\/\/www.youtube.com\/embed\/3hcnDbeyoKs?si=yNsi2VtWTmQh4GL_\" width=\"560\" height=\"315\" frameborder=\"0\" allowfullscreen=\"allowfullscreen\"><\/iframe><\/p>\n<p><i><span style=\"font-weight: 400;\">#39 Nos petits bonheurs<\/span><\/i><span style=\"font-weight: 400;\"> &#8211; Joanne et Kiara Consola &#8211; <\/span><span style=\"font-weight: 400;\">Lyc\u00e9e fran\u00e7ais international de Duba\u00ef<\/span><\/p>\n<p><iframe loading=\"lazy\" title=\"YouTube video player\" src=\"https:\/\/www.youtube.com\/embed\/VGiKXQqWAZg?si=fDAWkZCGdVy7EIGS\" width=\"560\" height=\"315\" frameborder=\"0\" allowfullscreen=\"allowfullscreen\"><\/iframe><\/p>\n<h1>CAT\u00c9GORIE \u00c9L\u00c8VES SCOLARIS\u00c9S AU COLL\u00c8GE ET AU LYC\u00c9E<\/h1>\n<p><i><span style=\"font-weight: 400;\">#40 Au-del\u00e0 des ann\u00e9es : un voyage avec mon Moi pass\u00e9e <\/span><\/i><span style=\"font-weight: 400;\">&#8211; Talia Elkomy\u00a0 &#8211; Lyc\u00e9e fran\u00e7ais MLF de Bahre\u00efn\u00a0<\/span><\/p>\n<p><iframe loading=\"lazy\" title=\"YouTube video player\" src=\"https:\/\/www.youtube.com\/embed\/mpcFNwu8BUw?si=z4CVAI1CXR_IdtPu\" width=\"560\" height=\"315\" frameborder=\"0\" allowfullscreen=\"allowfullscreen\"><\/iframe><\/p>\n<p><i><span style=\"font-weight: 400;\">#41 Nuit complice <\/span><\/i><span style=\"font-weight: 400;\">&#8211; <\/span><span style=\"font-weight: 400;\">Tess Faugeras, Salma Riad &#8211; <\/span><span style=\"font-weight: 400;\">Lyc\u00e9e fran\u00e7ais MLF d\u2019Alexandrie\u00a0<\/span><\/p>\n<p><iframe loading=\"lazy\" title=\"YouTube video player\" src=\"https:\/\/www.youtube.com\/embed\/OrN1JWXC30U?si=k3YdQwN_kAN8TMqi\" width=\"560\" height=\"315\" frameborder=\"0\" allowfullscreen=\"allowfullscreen\"><\/iframe><\/p>\n<p><i><span style=\"font-weight: 400;\">#42 La prochaine <\/span><\/i><span style=\"font-weight: 400;\">&#8211; Alanoud Al-Sahlawi &#8211; Ecole fran\u00e7aise internationale de Djeddah<\/span><\/p>\n<p><strong><span class=\"OYPEnA text-decoration-none text-strikethrough-none\">Des sc\u00e8nes de ce film \u00e9tant susceptibles d&#8217;effrayer nos plus jeunes festivaliers, &#8220;La prochaine&#8221; ne pourra pas \u00eatre diffus\u00e9 sur le site web du festival, ni pendant les s\u00e9ances de projections publiques. Il participe toutefois \u00e0 la comp\u00e9tition pour le prix du jury.<\/span><\/strong><\/p>\n","protected":false},"excerpt":{"rendered":"<p>CAT\u00c9GORIE \u00c9L\u00c8VES SCOLARIS\u00c9S \u00c0 L&#8217;\u00c9COLE PRIMAIRE #31 Une nuit d\u2019horreur &#8211; Alexia Chalhoub, Malek Kazoun, Mohammed Fakhreddine, Michel Chalhoub &#8211; \u00c9cole fran\u00e7aise internationale de Djeddah #32 Mon fr\u00e8re a disparu &#8211; Mohamed Belhadj Jrad et Jed Besbes &#8211; \u00c9cole fran\u00e7aise internationale de Djeddah #33 Le carnaval de Rio &#8211; Maria Nasser &#8211; \u00c9cole fran\u00e7aise internationale &hellip; <a href=\"https:\/\/lespetitscineastesdugolfe.org\/?page_id=434\" class=\"more-link\">Continue reading <span class=\"screen-reader-text\">S\u00e9lection 2024 Films faits \u00e0 la maison<\/span><\/a><\/p>\n","protected":false},"author":1,"featured_media":0,"parent":0,"menu_order":0,"comment_status":"closed","ping_status":"closed","template":"","meta":{"footnotes":""},"class_list":["post-434","page","type-page","status-publish","hentry"],"_links":{"self":[{"href":"https:\/\/lespetitscineastesdugolfe.org\/index.php?rest_route=\/wp\/v2\/pages\/434","targetHints":{"allow":["GET"]}}],"collection":[{"href":"https:\/\/lespetitscineastesdugolfe.org\/index.php?rest_route=\/wp\/v2\/pages"}],"about":[{"href":"https:\/\/lespetitscineastesdugolfe.org\/index.php?rest_route=\/wp\/v2\/types\/page"}],"author":[{"embeddable":true,"href":"https:\/\/lespetitscineastesdugolfe.org\/index.php?rest_route=\/wp\/v2\/users\/1"}],"replies":[{"embeddable":true,"href":"https:\/\/lespetitscineastesdugolfe.org\/index.php?rest_route=%2Fwp%2Fv2%2Fcomments&post=434"}],"version-history":[{"count":3,"href":"https:\/\/lespetitscineastesdugolfe.org\/index.php?rest_route=\/wp\/v2\/pages\/434\/revisions"}],"predecessor-version":[{"id":444,"href":"https:\/\/lespetitscineastesdugolfe.org\/index.php?rest_route=\/wp\/v2\/pages\/434\/revisions\/444"}],"wp:attachment":[{"href":"https:\/\/lespetitscineastesdugolfe.org\/index.php?rest_route=%2Fwp%2Fv2%2Fmedia&parent=434"}],"curies":[{"name":"wp","href":"https:\/\/api.w.org\/{rel}","templated":true}]}}