{"id":328,"date":"2022-11-21T20:48:14","date_gmt":"2022-11-21T19:48:14","guid":{"rendered":"http:\/\/lespetitscineastesdugolfe.org\/?page_id=328"},"modified":"2022-11-22T07:22:33","modified_gmt":"2022-11-22T06:22:33","slug":"ressources","status":"publish","type":"page","link":"https:\/\/lespetitscineastesdugolfe.org\/?page_id=328","title":{"rendered":"Ressources"},"content":{"rendered":"<h3><em><strong>Ressources p\u00e9dagogiques<\/strong><\/em><\/h3>\n<p>Le cours en ligne <a href=\"https:\/\/lespetitscineastesdugolfe.org\/?page_id=144\">&#8220;r\u00e9alise un film \u00e0 la maison&#8221;<\/a>\u00a0est \u00e0 destination des \u00e9l\u00e8ves. Il peut aussi \u00eatre utilis\u00e9 par des enseignants puisqu&#8217;il pourra les aider \u00e0 construire leurs s\u00e9quences p\u00e9dagogiques autour de la r\u00e9alisation d&#8217;un film en classe.<\/p>\n<h3><em><strong>Ressources techniques<\/strong><\/em><\/h3>\n<p>De quels \u00e9l\u00e9ments mat\u00e9riels a besoin une classe qui voudrait se lancer dans un projet cin\u00e9ma ? `Voici une liste de choses qui pourraient servir &#8230; en sachant qu&#8217;un simple t\u00e9l\u00e9phone portable peut suffire pour r\u00e9aliser un film. Il n&#8217;est donc pas du tout n\u00e9cessaire de disposer de tous ces \u00e9l\u00e9ments pour se lancer !<\/p>\n<ul>\n<li><strong>Un appareil photo avec une prise micro et une prise casque<\/strong><\/li>\n<\/ul>\n<p><img loading=\"lazy\" decoding=\"async\" class=\"alignnone wp-image-330\" src=\"http:\/\/lespetitscineastesdugolfe.org\/wp-content\/uploads\/2022\/11\/Capture-d\u2019e\u0301cran-2022-11-21-a\u0300-22.04.32.png\" alt=\"\" width=\"232\" height=\"214\" srcset=\"https:\/\/lespetitscineastesdugolfe.org\/wp-content\/uploads\/2022\/11\/Capture-d\u2019e\u0301cran-2022-11-21-a\u0300-22.04.32.png 864w, https:\/\/lespetitscineastesdugolfe.org\/wp-content\/uploads\/2022\/11\/Capture-d\u2019e\u0301cran-2022-11-21-a\u0300-22.04.32-300x277.png 300w, https:\/\/lespetitscineastesdugolfe.org\/wp-content\/uploads\/2022\/11\/Capture-d\u2019e\u0301cran-2022-11-21-a\u0300-22.04.32-768x709.png 768w\" sizes=\"auto, (max-width: 232px) 100vw, 232px\" \/><\/p>\n<p>Un appareil de ce genre permettra de prendre le son avec une perche ou avec un micro cravate sans fil et d&#8217;avoir le son directement enregistr\u00e9 sur le m\u00eame fichier que l&#8217;image. Il \u00e9vite de devoir synchroniser le son et l&#8217;image au montage.<\/p>\n<p>Exemple 1 : <a href=\"https:\/\/www.amazon.fr\/dp\/B01LXXKKNE?ascsubtag=AM_LN_AF_TP__p35197_TE_CR_107_DK__35197_10__TP&amp;tag=lmdn-api-21&amp;linkCode=osi&amp;th=1&amp;psc=1&amp;smid=A1X6FK5RDHNB96\">Le Panasonic Lumix FZ2000<\/a><\/p>\n<p>Exemple 2 : <a href=\"https:\/\/www.amazon.fr\/Sony-DSC-RX10-Appareil-Num%C3%A9rique-Optique\/dp\/B075MNCH2Y\/ref=sr_1_1?__mk_fr_FR=%C3%85M%C3%85%C5%BD%C3%95%C3%91&amp;crid=1PTVKRMC8JO4N&amp;keywords=sony+rx10+III&amp;qid=1669057657&amp;qu=eyJxc2MiOiIzLjc0IiwicXNhIjoiMy44NiIsInFzcCI6IjMuMzIifQ%3D%3D&amp;s=electronics&amp;sprefix=sony+rx10+iii%2Celectronics%2C266&amp;sr=1-1\">Le Sony RX10 IV<\/a><\/p>\n<ul>\n<li><strong>Un Ipad (Apple)<\/strong><\/li>\n<\/ul>\n<p><img loading=\"lazy\" decoding=\"async\" class=\"alignnone wp-image-331\" src=\"http:\/\/lespetitscineastesdugolfe.org\/wp-content\/uploads\/2022\/11\/5033401_sd.jpeg\" alt=\"\" width=\"188\" height=\"188\" srcset=\"https:\/\/lespetitscineastesdugolfe.org\/wp-content\/uploads\/2022\/11\/5033401_sd.jpeg 1000w, https:\/\/lespetitscineastesdugolfe.org\/wp-content\/uploads\/2022\/11\/5033401_sd-150x150.jpeg 150w, https:\/\/lespetitscineastesdugolfe.org\/wp-content\/uploads\/2022\/11\/5033401_sd-300x300.jpeg 300w, https:\/\/lespetitscineastesdugolfe.org\/wp-content\/uploads\/2022\/11\/5033401_sd-768x768.jpeg 768w\" sizes=\"auto, (max-width: 188px) 100vw, 188px\" \/><\/p>\n<p>Assez r\u00e9pandu dans les \u00e9tablissements MLF-AFLEC, les tablettes Apple disposent d&#8217;une cam\u00e9ra int\u00e9gr\u00e9 mais aussi d&#8217;un logiciel de montage tr\u00e8s intuitif : imovie.<\/p>\n<ul>\n<li><strong>Un t\u00e9l\u00e9phone portable<\/strong><\/li>\n<\/ul>\n<p><img loading=\"lazy\" decoding=\"async\" class=\"alignnone wp-image-333\" src=\"http:\/\/lespetitscineastesdugolfe.org\/wp-content\/uploads\/2022\/11\/Capture-d\u2019e\u0301cran-2022-11-21-a\u0300-22.13.28-898x1024.png\" alt=\"\" width=\"214\" height=\"244\" srcset=\"https:\/\/lespetitscineastesdugolfe.org\/wp-content\/uploads\/2022\/11\/Capture-d\u2019e\u0301cran-2022-11-21-a\u0300-22.13.28-898x1024.png 898w, https:\/\/lespetitscineastesdugolfe.org\/wp-content\/uploads\/2022\/11\/Capture-d\u2019e\u0301cran-2022-11-21-a\u0300-22.13.28-263x300.png 263w, https:\/\/lespetitscineastesdugolfe.org\/wp-content\/uploads\/2022\/11\/Capture-d\u2019e\u0301cran-2022-11-21-a\u0300-22.13.28-768x876.png 768w, https:\/\/lespetitscineastesdugolfe.org\/wp-content\/uploads\/2022\/11\/Capture-d\u2019e\u0301cran-2022-11-21-a\u0300-22.13.28.png 900w\" sizes=\"auto, (max-width: 214px) 100vw, 214px\" \/><\/p>\n<p>L\u00e9ger, un simple t\u00e9l\u00e9phone portable pourra faire office de cam\u00e9ra. De nombreux r\u00e9alisateurs professionnels travaillent avec des t\u00e9l\u00e9phones portables.<\/p>\n<ul>\n<li><strong>Un enregistreur num\u00e9rique<\/strong><\/li>\n<\/ul>\n<p><img loading=\"lazy\" decoding=\"async\" class=\"alignnone wp-image-334\" src=\"http:\/\/lespetitscineastesdugolfe.org\/wp-content\/uploads\/2022\/11\/71XExFksd4L._AC_SX679_.jpg\" alt=\"\" width=\"273\" height=\"292\" srcset=\"https:\/\/lespetitscineastesdugolfe.org\/wp-content\/uploads\/2022\/11\/71XExFksd4L._AC_SX679_.jpg 679w, https:\/\/lespetitscineastesdugolfe.org\/wp-content\/uploads\/2022\/11\/71XExFksd4L._AC_SX679_-281x300.jpg 281w\" sizes=\"auto, (max-width: 273px) 100vw, 273px\" \/><\/p>\n<p>Il va permettre d&#8217;enregistrer des sons. Utile notamment si vous ne disposez pas d&#8217;une prise micro sur votre cam\u00e9ra (cf. objet n\u00b01 recommand\u00e9 dans cette liste) et que vous souhaitez prendre le son au plus pr\u00e8s de la source avec un micro cravate sans fil ou une perche. Il existe des mod\u00e8les avec des prises jack et\/ou des prises XLR. Les prises XLR sont plus fiables. En absence de prise XLR, lors d&#8217;un micro canon avec une perche, il faudra un adapteur XLR-JACK.<\/p>\n<p>On peut aussi mettre l&#8217;enregistreur lui-m\u00eame au sommet de la perche (certains sont assez l\u00e9gers).<\/p>\n<p>Exemple 1 : <a href=\"https:\/\/www.amazon.fr\/Zoom-H1n-IF-Enregistreur-Num%C3%A9rique\/dp\/B077QZPDM6\/ref=sr_1_5?keywords=zoom+enregistreur&amp;qid=1669058240&amp;qu=eyJxc2MiOiIzLjQxIiwicXNhIjoiMi41MiIsInFzcCI6IjEuMzgifQ%3D%3D&amp;sr=8-5\">Zoom H1n<\/a><\/p>\n<p>Exemple 2 : <a href=\"https:\/\/www.amazon.fr\/Zoom-H4nPro-Mobiler-Audio-Recorder-Noir\/dp\/B07XPFX2MS\/ref=sr_1_9?keywords=zoom%2Benregistreur&amp;qid=1669058304&amp;qu=eyJxc2MiOiIzLjQxIiwicXNhIjoiMi41MiIsInFzcCI6IjEuMzgifQ%3D%3D&amp;sr=8-9&amp;th=1\">Zoom H4n pro<\/a><\/p>\n<ul>\n<li><strong>Des cartes SD<\/strong><\/li>\n<\/ul>\n<p><img loading=\"lazy\" decoding=\"async\" class=\"alignnone wp-image-335\" src=\"http:\/\/lespetitscineastesdugolfe.org\/wp-content\/uploads\/2022\/11\/Capture-d\u2019e\u0301cran-2022-11-21-a\u0300-22.28.17.png\" alt=\"\" width=\"150\" height=\"192\" srcset=\"https:\/\/lespetitscineastesdugolfe.org\/wp-content\/uploads\/2022\/11\/Capture-d\u2019e\u0301cran-2022-11-21-a\u0300-22.28.17.png 432w, https:\/\/lespetitscineastesdugolfe.org\/wp-content\/uploads\/2022\/11\/Capture-d\u2019e\u0301cran-2022-11-21-a\u0300-22.28.17-235x300.png 235w\" sizes=\"auto, (max-width: 150px) 100vw, 150px\" \/><img loading=\"lazy\" decoding=\"async\" class=\"alignnone size-full wp-image-336\" src=\"http:\/\/lespetitscineastesdugolfe.org\/wp-content\/uploads\/2022\/11\/Capture-d\u2019e\u0301cran-2022-11-21-a\u0300-22.28.08.png\" alt=\"\" width=\"174\" height=\"152\" \/><\/p>\n<p>Elles vont permettre de stocker les images et les sons enregistr\u00e9es avec votre cam\u00e9ra et\/ou votre enregistreur num\u00e9rique.<\/p>\n<ul>\n<li><strong>\u00a0Des c\u00e2bles<\/strong><\/li>\n<\/ul>\n<p><img loading=\"lazy\" decoding=\"async\" class=\"alignnone wp-image-337\" src=\"http:\/\/lespetitscineastesdugolfe.org\/wp-content\/uploads\/2022\/11\/Capture-d\u2019e\u0301cran-2022-11-21-a\u0300-22.29.32-1024x954.png\" alt=\"\" width=\"324\" height=\"302\" srcset=\"https:\/\/lespetitscineastesdugolfe.org\/wp-content\/uploads\/2022\/11\/Capture-d\u2019e\u0301cran-2022-11-21-a\u0300-22.29.32-1024x954.png 1024w, https:\/\/lespetitscineastesdugolfe.org\/wp-content\/uploads\/2022\/11\/Capture-d\u2019e\u0301cran-2022-11-21-a\u0300-22.29.32-300x280.png 300w, https:\/\/lespetitscineastesdugolfe.org\/wp-content\/uploads\/2022\/11\/Capture-d\u2019e\u0301cran-2022-11-21-a\u0300-22.29.32-768x716.png 768w, https:\/\/lespetitscineastesdugolfe.org\/wp-content\/uploads\/2022\/11\/Capture-d\u2019e\u0301cran-2022-11-21-a\u0300-22.29.32.png 1352w\" sizes=\"auto, (max-width: 324px) 100vw, 324px\" \/><\/p>\n<p>Notamment un long c\u00e2ble XLR-XLR ou XLR-jack si vous utilisez une perche et un micro canon pour enregistrer le son au plus pr\u00e8s de la source sonore.<\/p>\n<p>Exemple 1 : <a href=\"https:\/\/www.amazon.fr\/LinkinPerk-Femelle-Professionnel-sym%C3%A9trique-Microphone\/dp\/B07R4MTKZN\/ref=sr_1_7?__mk_fr_FR=%C3%85M%C3%85%C5%BD%C3%95%C3%91&amp;crid=Q5IPG0M68LJ1&amp;keywords=carte+xlr+4m&amp;qid=1669059026&amp;qu=eyJxc2MiOiIxLjYzIiwicXNhIjoiMC4wMCIsInFzcCI6IjAuMDAifQ%3D%3D&amp;sprefix=carte+xlr+4%2Caps%2C255&amp;sr=8-7\">c\u00e2ble XLR-XLR pour relier un micro-canon \u00e0 un zoom avec une prise XLR.\u00a0<\/a><\/p>\n<p>Exemple 2 : <a href=\"https:\/\/www.amazon.fr\/Tisino-Femelle-%C3%A9quilibr%C3%A9-dinterconnexion-raccordement\/dp\/B07JVCZ6DJ\/ref=sr_1_1_sspa?__mk_fr_FR=%C3%85M%C3%85%C5%BD%C3%95%C3%91&amp;crid=1PFCDVVJV2WOR&amp;keywords=adaptateur%2Bxlr%2Bjack&amp;qid=1669059127&amp;qu=eyJxc2MiOiI0LjkxIiwicXNhIjoiNS4wNSIsInFzcCI6IjQuNTUifQ%3D%3D&amp;sprefix=adaptateur%2Bxlr%2Bjack%2Caps%2C210&amp;sr=8-1-spons&amp;sp_csd=d2lkZ2V0TmFtZT1zcF9hdGY&amp;th=1\">adaptateur XLR-jack\u00a0<\/a><\/p>\n<ul>\n<li><strong>Une perche<\/strong><\/li>\n<\/ul>\n<p><img loading=\"lazy\" decoding=\"async\" class=\"alignnone size-large wp-image-338\" src=\"http:\/\/lespetitscineastesdugolfe.org\/wp-content\/uploads\/2022\/11\/Capture-d\u2019e\u0301cran-2022-11-21-a\u0300-22.34.10-1024x106.png\" alt=\"\" width=\"660\" height=\"68\" srcset=\"https:\/\/lespetitscineastesdugolfe.org\/wp-content\/uploads\/2022\/11\/Capture-d\u2019e\u0301cran-2022-11-21-a\u0300-22.34.10-1024x106.png 1024w, https:\/\/lespetitscineastesdugolfe.org\/wp-content\/uploads\/2022\/11\/Capture-d\u2019e\u0301cran-2022-11-21-a\u0300-22.34.10-300x31.png 300w, https:\/\/lespetitscineastesdugolfe.org\/wp-content\/uploads\/2022\/11\/Capture-d\u2019e\u0301cran-2022-11-21-a\u0300-22.34.10-768x79.png 768w\" sizes=\"auto, (max-width: 660px) 100vw, 660px\" \/><\/p>\n<p>Exemple : <a href=\"https:\/\/www.amazon.fr\/Rode-Boompole-Perche-pour-Microphone\/dp\/B000OE2G54\/ref=sr_1_2?__mk_fr_FR=%C3%85M%C3%85%C5%BD%C3%95%C3%91&amp;crid=36E9LOS4FZ48&amp;keywords=perche+rode&amp;qid=1669059236&amp;qu=eyJxc2MiOiIzLjQyIiwicXNhIjoiMi43MiIsInFzcCI6IjIuMDMifQ%3D%3D&amp;sprefix=perche+r%2Caps%2C214&amp;sr=8-2\">Perche Rode<\/a><\/p>\n<ul>\n<li><strong>Un support de micro pour perche<\/strong><\/li>\n<\/ul>\n<p><img loading=\"lazy\" decoding=\"async\" class=\"alignnone wp-image-339\" src=\"http:\/\/lespetitscineastesdugolfe.org\/wp-content\/uploads\/2022\/11\/Capture-d\u2019e\u0301cran-2022-11-21-a\u0300-22.35.25-831x1024.png\" alt=\"\" width=\"215\" height=\"265\" srcset=\"https:\/\/lespetitscineastesdugolfe.org\/wp-content\/uploads\/2022\/11\/Capture-d\u2019e\u0301cran-2022-11-21-a\u0300-22.35.25-831x1024.png 831w, https:\/\/lespetitscineastesdugolfe.org\/wp-content\/uploads\/2022\/11\/Capture-d\u2019e\u0301cran-2022-11-21-a\u0300-22.35.25-243x300.png 243w, https:\/\/lespetitscineastesdugolfe.org\/wp-content\/uploads\/2022\/11\/Capture-d\u2019e\u0301cran-2022-11-21-a\u0300-22.35.25-768x947.png 768w, https:\/\/lespetitscineastesdugolfe.org\/wp-content\/uploads\/2022\/11\/Capture-d\u2019e\u0301cran-2022-11-21-a\u0300-22.35.25.png 946w\" sizes=\"auto, (max-width: 215px) 100vw, 215px\" \/><\/p>\n<p><a href=\"https:\/\/www.amazon.fr\/SMALLRIG-Microphone-Adaptateur-Suspension-Amortisseur\/dp\/B01M655P8X\/ref=d_pb_allspark_dp_sims_pao_desktop_session_based_sccl_4_2\/259-9232708-6637138?pd_rd_w=Xhp28&amp;content-id=amzn1.sym.218301c8-b646-44fc-ae17-ba586929cc7e&amp;pf_rd_p=218301c8-b646-44fc-ae17-ba586929cc7e&amp;pf_rd_r=DG6X4A30KNB5GKXWQVPN&amp;pd_rd_wg=1xKVA&amp;pd_rd_r=33981369-0592-4149-becf-f63e357c0377&amp;pd_rd_i=B01M655P8X&amp;psc=1\">Exemple<\/a><\/p>\n<ul>\n<li><strong>Un micro canon directionnel\u00a0<\/strong><\/li>\n<\/ul>\n<p><img loading=\"lazy\" decoding=\"async\" class=\"alignnone wp-image-340\" src=\"http:\/\/lespetitscineastesdugolfe.org\/wp-content\/uploads\/2022\/11\/Capture-d\u2019e\u0301cran-2022-11-21-a\u0300-22.37.46-1024x561.png\" alt=\"\" width=\"348\" height=\"191\" srcset=\"https:\/\/lespetitscineastesdugolfe.org\/wp-content\/uploads\/2022\/11\/Capture-d\u2019e\u0301cran-2022-11-21-a\u0300-22.37.46-1024x561.png 1024w, https:\/\/lespetitscineastesdugolfe.org\/wp-content\/uploads\/2022\/11\/Capture-d\u2019e\u0301cran-2022-11-21-a\u0300-22.37.46-300x164.png 300w, https:\/\/lespetitscineastesdugolfe.org\/wp-content\/uploads\/2022\/11\/Capture-d\u2019e\u0301cran-2022-11-21-a\u0300-22.37.46-768x421.png 768w\" sizes=\"auto, (max-width: 348px) 100vw, 348px\" \/><\/p>\n<p><a href=\"https:\/\/www.amazon.fr\/Sennheiser-MKE-600-cam%C3%A9scope-Shotgun-Micro\/dp\/B00B0YPAYQ\/ref=sr_1_14?__mk_fr_FR=%C3%85M%C3%85%C5%BD%C3%95%C3%91&amp;crid=2H55354KV1DCT&amp;keywords=micro%2Bcanon&amp;qid=1669059389&amp;qu=eyJxc2MiOiI0LjgxIiwicXNhIjoiNC43MiIsInFzcCI6IjQuMjgifQ%3D%3D&amp;s=electronics&amp;sprefix=micro%2Bcanon%2Celectronics%2C190&amp;sr=1-14&amp;th=1\">Exemple<\/a><\/p>\n<ul>\n<li><strong>Une bonnette\u00a0<\/strong><\/li>\n<\/ul>\n<p><img loading=\"lazy\" decoding=\"async\" class=\"alignnone wp-image-341\" src=\"http:\/\/lespetitscineastesdugolfe.org\/wp-content\/uploads\/2022\/11\/Capture-d\u2019e\u0301cran-2022-11-21-a\u0300-22.38.56-1024x623.png\" alt=\"\" width=\"429\" height=\"261\" srcset=\"https:\/\/lespetitscineastesdugolfe.org\/wp-content\/uploads\/2022\/11\/Capture-d\u2019e\u0301cran-2022-11-21-a\u0300-22.38.56-1024x623.png 1024w, https:\/\/lespetitscineastesdugolfe.org\/wp-content\/uploads\/2022\/11\/Capture-d\u2019e\u0301cran-2022-11-21-a\u0300-22.38.56-300x183.png 300w, https:\/\/lespetitscineastesdugolfe.org\/wp-content\/uploads\/2022\/11\/Capture-d\u2019e\u0301cran-2022-11-21-a\u0300-22.38.56-768x467.png 768w\" sizes=\"auto, (max-width: 429px) 100vw, 429px\" \/><\/p>\n<p>Permet de supprimer le bruit du vent en ext\u00e9rieur.<\/p>\n<p><a href=\"https:\/\/www.amazon.fr\/YOUSHARES-Pare-brise-Microphone-Pare-vent-Compatible\/dp\/B07JM4XJX7\/ref=sr_1_4?__mk_fr_FR=%C3%85M%C3%85%C5%BD%C3%95%C3%91&amp;crid=ADWX2HGLLW8A&amp;keywords=bonnette+micro+canon&amp;qid=1669059524&amp;qu=eyJxc2MiOiIyLjkxIiwicXNhIjoiMi40NyIsInFzcCI6IjIuMDYifQ%3D%3D&amp;s=electronics&amp;sprefix=bonnette+micro+canon%2Celectronics%2C192&amp;sr=1-4\">Exemple<\/a><\/p>\n<ul>\n<li><strong>Micro cravate HF sans fil<\/strong><\/li>\n<\/ul>\n<p><img loading=\"lazy\" decoding=\"async\" class=\"alignnone wp-image-342\" src=\"http:\/\/lespetitscineastesdugolfe.org\/wp-content\/uploads\/2022\/11\/Capture-d\u2019e\u0301cran-2022-11-21-a\u0300-22.40.53-1024x415.png\" alt=\"\" width=\"408\" height=\"165\" srcset=\"https:\/\/lespetitscineastesdugolfe.org\/wp-content\/uploads\/2022\/11\/Capture-d\u2019e\u0301cran-2022-11-21-a\u0300-22.40.53-1024x415.png 1024w, https:\/\/lespetitscineastesdugolfe.org\/wp-content\/uploads\/2022\/11\/Capture-d\u2019e\u0301cran-2022-11-21-a\u0300-22.40.53-300x122.png 300w, https:\/\/lespetitscineastesdugolfe.org\/wp-content\/uploads\/2022\/11\/Capture-d\u2019e\u0301cran-2022-11-21-a\u0300-22.40.53-768x311.png 768w, https:\/\/lespetitscineastesdugolfe.org\/wp-content\/uploads\/2022\/11\/Capture-d\u2019e\u0301cran-2022-11-21-a\u0300-22.40.53.png 1688w\" sizes=\"auto, (max-width: 408px) 100vw, 408px\" \/><\/p>\n<p>Permet de prendre le son au plus pr\u00e8s &#8230; tr\u00e8s pratique avec des enfants (plus facile \u00e0 utiliser qu&#8217;une perche).<\/p>\n<p>Exemple : <a href=\"https:\/\/www.amazon.fr\/Microphones-Wireless-Micro-cravate-transmission-d%C3%A9tails\/dp\/B08XFQ6KP9\/ref=sr_1_3?__mk_fr_FR=%C3%85M%C3%85%C5%BD%C3%95%C3%91&amp;crid=1W1WD4HZBY925&amp;keywords=micro+hf+rode&amp;qid=1669059631&amp;qu=eyJxc2MiOiIzLjAyIiwicXNhIjoiMi42OSIsInFzcCI6IjEuNTAifQ%3D%3D&amp;s=electronics&amp;sprefix=micro+hf+rod%2Celectronics%2C185&amp;sr=1-3\">Rode wireless GO II avec deux unit\u00e9s (prise du son de deux personnes en m\u00eame temps)<\/a><\/p>\n<ul>\n<li><strong>Clap<\/strong><\/li>\n<\/ul>\n<p><img loading=\"lazy\" decoding=\"async\" class=\"alignnone wp-image-343\" src=\"http:\/\/lespetitscineastesdugolfe.org\/wp-content\/uploads\/2022\/11\/Capture-d\u2019e\u0301cran-2022-11-21-a\u0300-22.43.20-1024x894.png\" alt=\"\" width=\"297\" height=\"259\" srcset=\"https:\/\/lespetitscineastesdugolfe.org\/wp-content\/uploads\/2022\/11\/Capture-d\u2019e\u0301cran-2022-11-21-a\u0300-22.43.20-1024x894.png 1024w, https:\/\/lespetitscineastesdugolfe.org\/wp-content\/uploads\/2022\/11\/Capture-d\u2019e\u0301cran-2022-11-21-a\u0300-22.43.20-300x262.png 300w, https:\/\/lespetitscineastesdugolfe.org\/wp-content\/uploads\/2022\/11\/Capture-d\u2019e\u0301cran-2022-11-21-a\u0300-22.43.20-768x671.png 768w, https:\/\/lespetitscineastesdugolfe.org\/wp-content\/uploads\/2022\/11\/Capture-d\u2019e\u0301cran-2022-11-21-a\u0300-22.43.20.png 1454w\" sizes=\"auto, (max-width: 297px) 100vw, 297px\" \/><\/p>\n<p>Il va permettre d&#8217;identifier chaque sc\u00e8ne. Donne un r\u00f4le \u00e0 un \u00e9l\u00e8ve (script) et permet de synchroniser l&#8217;image et le son en cas de prise avec deux appareils diff\u00e9rents.<\/p>\n<p><a href=\"https:\/\/www.amazon.fr\/s?k=clap&amp;i=electronics&amp;__mk_fr_FR=%C3%85M%C3%85%C5%BD%C3%95%C3%91&amp;crid=2A4KP96HXEAID&amp;sprefix=cl%2Celectronics%2C206&amp;ref=nb_sb_noss_2\">Exemple<\/a><\/p>\n<ul>\n<li><strong>Tr\u00e9pied<\/strong><\/li>\n<\/ul>\n<p><img loading=\"lazy\" decoding=\"async\" class=\"alignnone wp-image-344\" src=\"http:\/\/lespetitscineastesdugolfe.org\/wp-content\/uploads\/2022\/11\/Capture-d\u2019e\u0301cran-2022-11-21-a\u0300-22.45.21-480x1024.png\" alt=\"\" width=\"223\" height=\"476\" srcset=\"https:\/\/lespetitscineastesdugolfe.org\/wp-content\/uploads\/2022\/11\/Capture-d\u2019e\u0301cran-2022-11-21-a\u0300-22.45.21-480x1024.png 480w, https:\/\/lespetitscineastesdugolfe.org\/wp-content\/uploads\/2022\/11\/Capture-d\u2019e\u0301cran-2022-11-21-a\u0300-22.45.21-141x300.png 141w, https:\/\/lespetitscineastesdugolfe.org\/wp-content\/uploads\/2022\/11\/Capture-d\u2019e\u0301cran-2022-11-21-a\u0300-22.45.21.png 548w\" sizes=\"auto, (max-width: 223px) 100vw, 223px\" \/><\/p>\n<p>Permet de maintenir une cam\u00e9ra ou une tablette (selon les mod\u00e8les) pour r\u00e9aliser des plans fixes ou des panoramiques.<\/p>\n<p><a href=\"https:\/\/www.amazon.fr\/Tablette-t%C3%A9l%C3%A9commande-t%C3%A9l%C3%A9phone-Portable-Enregistrement\/dp\/B09MRL7YLL\/ref=sr_1_1_sspa?__mk_fr_FR=%C3%85M%C3%85%C5%BD%C3%95%C3%91&amp;crid=314PW9O882FD3&amp;keywords=tr%C3%A9pied+ipad&amp;qid=1669059906&amp;qu=eyJxc2MiOiI1LjEwIiwicXNhIjoiNC43NSIsInFzcCI6IjQuMzgifQ%3D%3D&amp;s=electronics&amp;sprefix=tr%C3%A9pied+ipa%2Celectronics%2C240&amp;sr=1-1-spons&amp;sp_csd=d2lkZ2V0TmFtZT1zcF9hdGY&amp;psc=1\">Exemple 1<\/a><\/p>\n<p><a href=\"https:\/\/www.amazon.fr\/Bosch-Professional-0601096B00-Tr%C3%A9pied-150\/dp\/B00OBBUBSU\/ref=sr_1_1_sspa?__mk_fr_FR=%C3%85M%C3%85%C5%BD%C3%95%C3%91&amp;crid=1TS410PHTLR8P&amp;keywords=tr%C3%A9pied+photo&amp;qid=1669059951&amp;qu=eyJxc2MiOiI2LjMzIiwicXNhIjoiNS44NiIsInFzcCI6IjQuOTIifQ%3D%3D&amp;s=electronics&amp;sprefix=tr%C3%A9pied+photo%2Celectronics%2C225&amp;sr=1-1-spons&amp;sp_csd=d2lkZ2V0TmFtZT1zcF9hdGY&amp;psc=1\">Exemple 2<\/a><\/p>\n<ul>\n<li><strong>Cage pour t\u00e9l\u00e9phone portable<\/strong><\/li>\n<\/ul>\n<p><img loading=\"lazy\" decoding=\"async\" class=\"alignnone wp-image-345\" src=\"http:\/\/lespetitscineastesdugolfe.org\/wp-content\/uploads\/2022\/11\/Capture-d\u2019e\u0301cran-2022-11-21-a\u0300-22.47.44-1024x855.png\" alt=\"\" width=\"315\" height=\"263\" srcset=\"https:\/\/lespetitscineastesdugolfe.org\/wp-content\/uploads\/2022\/11\/Capture-d\u2019e\u0301cran-2022-11-21-a\u0300-22.47.44-1024x855.png 1024w, https:\/\/lespetitscineastesdugolfe.org\/wp-content\/uploads\/2022\/11\/Capture-d\u2019e\u0301cran-2022-11-21-a\u0300-22.47.44-300x251.png 300w, https:\/\/lespetitscineastesdugolfe.org\/wp-content\/uploads\/2022\/11\/Capture-d\u2019e\u0301cran-2022-11-21-a\u0300-22.47.44-768x642.png 768w, https:\/\/lespetitscineastesdugolfe.org\/wp-content\/uploads\/2022\/11\/Capture-d\u2019e\u0301cran-2022-11-21-a\u0300-22.47.44.png 1494w\" sizes=\"auto, (max-width: 315px) 100vw, 315px\" \/><\/p>\n<p>Permet de gagner en stabilit\u00e9 pour filmer avec un t\u00e9l\u00e9phone portable.<\/p>\n<p>Permet de l&#8217;adapter sur un tr\u00e9pied.<\/p>\n<p><a href=\"https:\/\/www.amazon.fr\/Neewer-Smartphone-Stabilisateur-T%C3%A9l%C3%A9phone-R%C3%A9alisateur\/dp\/B07NWH2CGS\/ref=sr_1_4?__mk_fr_FR=%C3%85M%C3%85%C5%BD%C3%95%C3%91&amp;crid=1J5QLEO6O5W1D&amp;keywords=cage+t%C3%A9l%C3%A9phone+film&amp;qid=1669060042&amp;qu=eyJxc2MiOiIxLjUxIiwicXNhIjoiMC4wMCIsInFzcCI6IjAuMDAifQ%3D%3D&amp;s=electronics&amp;sprefix=cage+t%C3%A9l%C3%A9phone+film%2Celectronics%2C203&amp;sr=1-4\">Exemple<\/a><\/p>\n<ul>\n<li><strong>Un fond vert<\/strong><\/li>\n<\/ul>\n<p><img loading=\"lazy\" decoding=\"async\" class=\"alignnone  wp-image-349\" src=\"http:\/\/lespetitscineastesdugolfe.org\/wp-content\/uploads\/2022\/11\/Capture-d\u2019e\u0301cran-2022-11-22-a\u0300-09.18.07.png\" alt=\"\" width=\"224\" height=\"204\" srcset=\"https:\/\/lespetitscineastesdugolfe.org\/wp-content\/uploads\/2022\/11\/Capture-d\u2019e\u0301cran-2022-11-22-a\u0300-09.18.07.png 856w, https:\/\/lespetitscineastesdugolfe.org\/wp-content\/uploads\/2022\/11\/Capture-d\u2019e\u0301cran-2022-11-22-a\u0300-09.18.07-300x273.png 300w, https:\/\/lespetitscineastesdugolfe.org\/wp-content\/uploads\/2022\/11\/Capture-d\u2019e\u0301cran-2022-11-22-a\u0300-09.18.07-768x700.png 768w\" sizes=\"auto, (max-width: 224px) 100vw, 224px\" \/><\/p>\n<p>Il permet de r\u00e9aliser facilement des effets sp\u00e9ciaux en ins\u00e9rant des personnes ou des objets dans d&#8217;autres d\u00e9cors.<\/p>\n<p><a href=\"https:\/\/www.amazon.fr\/Photographie-Pliable-Support-Diffusion-D%C3%A9coration\/dp\/B089VR5CCJ\/ref=sr_1_6?__mk_fr_FR=%C3%85M%C3%85%C5%BD%C3%95%C3%91&amp;crid=1HD42QHX8DE8F&amp;keywords=fond+vert&amp;qid=1669097776&amp;qu=eyJxc2MiOiI1Ljc0IiwicXNhIjoiNS42MiIsInFzcCI6IjUuMzIifQ%3D%3D&amp;sprefix=fond+v%2Caps%2C676&amp;sr=8-6\">Exemple<\/a><\/p>\n<ul>\n<li><strong>Une station de montage<\/strong><\/li>\n<\/ul>\n<p><img loading=\"lazy\" decoding=\"async\" class=\"alignnone  wp-image-350\" src=\"http:\/\/lespetitscineastesdugolfe.org\/wp-content\/uploads\/2022\/11\/stationmontage-1024x576.jpg\" alt=\"\" width=\"456\" height=\"257\" srcset=\"https:\/\/lespetitscineastesdugolfe.org\/wp-content\/uploads\/2022\/11\/stationmontage-1024x576.jpg 1024w, https:\/\/lespetitscineastesdugolfe.org\/wp-content\/uploads\/2022\/11\/stationmontage-300x169.jpg 300w, https:\/\/lespetitscineastesdugolfe.org\/wp-content\/uploads\/2022\/11\/stationmontage-768x432.jpg 768w\" sizes=\"auto, (max-width: 456px) 100vw, 456px\" \/><\/p>\n<p>Le montage pourra \u00eatre r\u00e9alis\u00e9 avec une tablette et le logiciel imovie. Pratique pour des travaux individuels de montage par les \u00e9l\u00e8ves dans une classe connect\u00e9e.<\/p>\n<p>Pour un travail collectif, il faudra disposer d&#8217;un ordinateur. Plusieurs choix sont possibles. Il existe des logiciels libres (kdenlive), des logiciels gratuits (imovie), des logiciels propri\u00e9taires (adobe premi\u00e8re, final cut pro&#8230;).<\/p>\n<p>La solution la plus stable est peut-\u00eatre de disposer d&#8217;un ordinateur Apple avec 2 moniteurs et du logiciel imovie (ou final cut pro).<\/p>\n","protected":false},"excerpt":{"rendered":"<p>Ressources p\u00e9dagogiques Le cours en ligne &#8220;r\u00e9alise un film \u00e0 la maison&#8221;\u00a0est \u00e0 destination des \u00e9l\u00e8ves. Il peut aussi \u00eatre utilis\u00e9 par des enseignants puisqu&#8217;il pourra les aider \u00e0 construire leurs s\u00e9quences p\u00e9dagogiques autour de la r\u00e9alisation d&#8217;un film en classe. Ressources techniques De quels \u00e9l\u00e9ments mat\u00e9riels a besoin une classe qui voudrait se lancer &hellip; <a href=\"https:\/\/lespetitscineastesdugolfe.org\/?page_id=328\" class=\"more-link\">Continue reading <span class=\"screen-reader-text\">Ressources<\/span><\/a><\/p>\n","protected":false},"author":1,"featured_media":0,"parent":0,"menu_order":0,"comment_status":"closed","ping_status":"closed","template":"","meta":{"footnotes":""},"class_list":["post-328","page","type-page","status-publish","hentry"],"_links":{"self":[{"href":"https:\/\/lespetitscineastesdugolfe.org\/index.php?rest_route=\/wp\/v2\/pages\/328","targetHints":{"allow":["GET"]}}],"collection":[{"href":"https:\/\/lespetitscineastesdugolfe.org\/index.php?rest_route=\/wp\/v2\/pages"}],"about":[{"href":"https:\/\/lespetitscineastesdugolfe.org\/index.php?rest_route=\/wp\/v2\/types\/page"}],"author":[{"embeddable":true,"href":"https:\/\/lespetitscineastesdugolfe.org\/index.php?rest_route=\/wp\/v2\/users\/1"}],"replies":[{"embeddable":true,"href":"https:\/\/lespetitscineastesdugolfe.org\/index.php?rest_route=%2Fwp%2Fv2%2Fcomments&post=328"}],"version-history":[{"count":4,"href":"https:\/\/lespetitscineastesdugolfe.org\/index.php?rest_route=\/wp\/v2\/pages\/328\/revisions"}],"predecessor-version":[{"id":351,"href":"https:\/\/lespetitscineastesdugolfe.org\/index.php?rest_route=\/wp\/v2\/pages\/328\/revisions\/351"}],"wp:attachment":[{"href":"https:\/\/lespetitscineastesdugolfe.org\/index.php?rest_route=%2Fwp%2Fv2%2Fmedia&parent=328"}],"curies":[{"name":"wp","href":"https:\/\/api.w.org\/{rel}","templated":true}]}}