{"id":262,"date":"2021-11-10T19:48:53","date_gmt":"2021-11-10T18:48:53","guid":{"rendered":"http:\/\/lespetitscineastesdugolfe.org\/?page_id=262"},"modified":"2021-11-10T19:54:30","modified_gmt":"2021-11-10T18:54:30","slug":"palmares-2021-8eme-edition","status":"publish","type":"page","link":"https:\/\/lespetitscineastesdugolfe.org\/?page_id=262","title":{"rendered":"Palmar\u00e8s 2021 &#8211; 8\u00e8me \u00e9dition"},"content":{"rendered":"<p>Le jury de cette \u00e9dition \u00e9tait compos\u00e9 de :<\/p>\n<ul>\n<li>Madame Sophie Mourousi, com\u00e9dienne et metteuse en sc\u00e8ne, pr\u00e9sidente du jury.<\/li>\n<li>Madame M\u00e9gane Moulin, directrice de l&#8217;Alliance fran\u00e7aise de Djeddah en Arabie Saoudite.<\/li>\n<li>Monsieur Achille Mareel, designer.<\/li>\n<\/ul>\n<p>Le programme complet est disponible <a href=\"http:\/\/lespetitscineastesdugolfe.org\/wp-content\/uploads\/2021\/06\/programme_festival_2021_ptitscineastes_compressed.pdf\">\u00a0ici.<\/a><\/p>\n<h1>FILMS R\u00c9ALIS\u00c9S EN CLASSE<\/h1>\n<h3>Cat\u00e9gorie Cycle 1 et Cycle 2<\/h3>\n<p><strong>Parall\u00e8le et ondulations<\/strong> \/ MSD \/ Lyc\u00e9e fran\u00e7ais internationale de Duba\u00ef<\/p>\n<p><iframe loading=\"lazy\" title=\"Parall\u00e8le et ondulation\" width=\"660\" height=\"371\" src=\"https:\/\/www.youtube.com\/embed\/_r3FAe8i0xY?start=1&#038;feature=oembed\" frameborder=\"0\" allow=\"accelerometer; autoplay; clipboard-write; encrypted-media; gyroscope; picture-in-picture; web-share\" referrerpolicy=\"strict-origin-when-cross-origin\" allowfullscreen><\/iframe><\/p>\n<p><strong>Paroles de masques<\/strong>\u00a0\/ CE2-1 \/ Lyc\u00e9e fran\u00e7ais internationale de Duba\u00ef<\/p>\n<p><iframe loading=\"lazy\" title=\"Paroles de masques\" width=\"660\" height=\"371\" src=\"https:\/\/www.youtube.com\/embed\/hvK8al0Oti0?feature=oembed\" frameborder=\"0\" allow=\"accelerometer; autoplay; clipboard-write; encrypted-media; gyroscope; picture-in-picture; web-share\" referrerpolicy=\"strict-origin-when-cross-origin\" allowfullscreen><\/iframe><\/p>\n<h3>Cat\u00e9gorie Cycle 3<\/h3>\n<p><strong>Op\u00e9ration \u00e9cole<\/strong>\u00a0\/ CM2A \/ \u00c9cole fran\u00e7aise internationale de Djeddah<\/p>\n<p><iframe loading=\"lazy\" title=\"Op\u00e9ration \u00e9cole\" width=\"660\" height=\"371\" src=\"https:\/\/www.youtube.com\/embed\/BFwsewWgsH4?feature=oembed\" frameborder=\"0\" allow=\"accelerometer; autoplay; clipboard-write; encrypted-media; gyroscope; picture-in-picture; web-share\" referrerpolicy=\"strict-origin-when-cross-origin\" allowfullscreen><\/iframe><\/p>\n<h3>Cat\u00e9gorie coll\u00e8ge et lyc\u00e9e<\/h3>\n<p><strong>Les profs sur Zoom<\/strong>\u00a0\/ 5\u00e8me B \/ \u00c9cole fran\u00e7aise internationale de Djeddah<\/p>\n<p><iframe loading=\"lazy\" title=\"Les Profs sur ZOOM\" width=\"660\" height=\"371\" src=\"https:\/\/www.youtube.com\/embed\/qTC1CwPLQbk?feature=oembed\" frameborder=\"0\" allow=\"accelerometer; autoplay; clipboard-write; encrypted-media; gyroscope; picture-in-picture; web-share\" referrerpolicy=\"strict-origin-when-cross-origin\" allowfullscreen><\/iframe><\/p>\n<h3>Prix sp\u00e9cial du jury<\/h3>\n<p><strong>Nom de code COVID<\/strong>\u00a0\/ CM1B \/ Lyc\u00e9e fran\u00e7ais international de Bahre\u00efn<\/p>\n<p><iframe loading=\"lazy\" title=\"Nom de code COVID19\" width=\"660\" height=\"371\" src=\"https:\/\/www.youtube.com\/embed\/1jc_OfXjt84?feature=oembed\" frameborder=\"0\" allow=\"accelerometer; autoplay; clipboard-write; encrypted-media; gyroscope; picture-in-picture; web-share\" referrerpolicy=\"strict-origin-when-cross-origin\" allowfullscreen><\/iframe><\/p>\n<h3>Prix du public<\/h3>\n<p><strong>Ensemble, autour du monde<\/strong>\u00a0\/ CM1E \/ Lyc\u00e9e fran\u00e7ais international de Duba\u00ef<\/p>\n<p><iframe loading=\"lazy\" title=\"Ensemble autour du monde\" width=\"660\" height=\"371\" src=\"https:\/\/www.youtube.com\/embed\/TzzriGxi_yA?feature=oembed\" frameborder=\"0\" allow=\"accelerometer; autoplay; clipboard-write; encrypted-media; gyroscope; picture-in-picture; web-share\" referrerpolicy=\"strict-origin-when-cross-origin\" allowfullscreen><\/iframe><\/p>\n<h1>FILMS R\u00c9ALIS\u00c9S \u00c0 LA MAISON<\/h1>\n<h3>Meilleur film<\/h3>\n<p><strong>TRICHA<\/strong>\u00a0\/ Racile Nasser, Maya Ganneau et Ismail Tadlaoui (CM1) \/ Djeddah<\/p>\n<p><iframe loading=\"lazy\" title=\"Tricha\" width=\"660\" height=\"371\" src=\"https:\/\/www.youtube.com\/embed\/XIWfAxuRMYM?feature=oembed\" frameborder=\"0\" allow=\"accelerometer; autoplay; clipboard-write; encrypted-media; gyroscope; picture-in-picture; web-share\" referrerpolicy=\"strict-origin-when-cross-origin\" allowfullscreen><\/iframe><\/p>\n<h3>Prix sp\u00e9cial du jury<\/h3>\n<p><strong>CAUCHEMAR<\/strong>\u00a0\/ Jade Salman (CM2) \/ Djeddah<\/p>\n<p><iframe loading=\"lazy\" title=\"Cauchemar\" width=\"660\" height=\"371\" src=\"https:\/\/www.youtube.com\/embed\/rhPbHgbBTns?feature=oembed\" frameborder=\"0\" allow=\"accelerometer; autoplay; clipboard-write; encrypted-media; gyroscope; picture-in-picture; web-share\" referrerpolicy=\"strict-origin-when-cross-origin\" allowfullscreen><\/iframe><\/p>\n<h3>Prix du public<\/h3>\n<p><strong>TRICHA<\/strong>\u00a0\/ Racile Nasser, Maya Ganneau et Ismail Tadlaoui (CM1) \/ Djeddah<\/p>\n<p><iframe loading=\"lazy\" title=\"Tricha\" width=\"660\" height=\"371\" src=\"https:\/\/www.youtube.com\/embed\/XIWfAxuRMYM?feature=oembed\" frameborder=\"0\" allow=\"accelerometer; autoplay; clipboard-write; encrypted-media; gyroscope; picture-in-picture; web-share\" referrerpolicy=\"strict-origin-when-cross-origin\" allowfullscreen><\/iframe><\/p>\n<h3>Prix du comit\u00e9 organisateur<\/h3>\n<p><strong>LE FUTUR<\/strong>\u00a0\/ Ther\u00e9sia Salam\u00e9 (5\u00e8me) \/ Djeddah \/<\/p>\n<p><iframe loading=\"lazy\" title=\"Le futur\" width=\"660\" height=\"371\" src=\"https:\/\/www.youtube.com\/embed\/13I3eQ_mzZs?feature=oembed\" frameborder=\"0\" allow=\"accelerometer; autoplay; clipboard-write; encrypted-media; gyroscope; picture-in-picture; web-share\" referrerpolicy=\"strict-origin-when-cross-origin\" allowfullscreen><\/iframe><\/p>\n<p>&nbsp;<\/p>\n","protected":false},"excerpt":{"rendered":"<p>Le jury de cette \u00e9dition \u00e9tait compos\u00e9 de : Madame Sophie Mourousi, com\u00e9dienne et metteuse en sc\u00e8ne, pr\u00e9sidente du jury. Madame M\u00e9gane Moulin, directrice de l&#8217;Alliance fran\u00e7aise de Djeddah en Arabie Saoudite. Monsieur Achille Mareel, designer. Le programme complet est disponible \u00a0ici. FILMS R\u00c9ALIS\u00c9S EN CLASSE Cat\u00e9gorie Cycle 1 et Cycle 2 Parall\u00e8le et ondulations &hellip; <a href=\"https:\/\/lespetitscineastesdugolfe.org\/?page_id=262\" class=\"more-link\">Continue reading <span class=\"screen-reader-text\">Palmar\u00e8s 2021 &#8211; 8\u00e8me \u00e9dition<\/span><\/a><\/p>\n","protected":false},"author":1,"featured_media":0,"parent":0,"menu_order":0,"comment_status":"closed","ping_status":"closed","template":"","meta":{"footnotes":""},"class_list":["post-262","page","type-page","status-publish","hentry"],"_links":{"self":[{"href":"https:\/\/lespetitscineastesdugolfe.org\/index.php?rest_route=\/wp\/v2\/pages\/262","targetHints":{"allow":["GET"]}}],"collection":[{"href":"https:\/\/lespetitscineastesdugolfe.org\/index.php?rest_route=\/wp\/v2\/pages"}],"about":[{"href":"https:\/\/lespetitscineastesdugolfe.org\/index.php?rest_route=\/wp\/v2\/types\/page"}],"author":[{"embeddable":true,"href":"https:\/\/lespetitscineastesdugolfe.org\/index.php?rest_route=\/wp\/v2\/users\/1"}],"replies":[{"embeddable":true,"href":"https:\/\/lespetitscineastesdugolfe.org\/index.php?rest_route=%2Fwp%2Fv2%2Fcomments&post=262"}],"version-history":[{"count":2,"href":"https:\/\/lespetitscineastesdugolfe.org\/index.php?rest_route=\/wp\/v2\/pages\/262\/revisions"}],"predecessor-version":[{"id":265,"href":"https:\/\/lespetitscineastesdugolfe.org\/index.php?rest_route=\/wp\/v2\/pages\/262\/revisions\/265"}],"wp:attachment":[{"href":"https:\/\/lespetitscineastesdugolfe.org\/index.php?rest_route=%2Fwp%2Fv2%2Fmedia&parent=262"}],"curies":[{"name":"wp","href":"https:\/\/api.w.org\/{rel}","templated":true}]}}