{"id":114,"date":"2019-05-22T16:31:25","date_gmt":"2019-05-22T14:31:25","guid":{"rendered":"http:\/\/lespetitscineastesdugolfe.org\/?page_id=114"},"modified":"2019-05-22T16:57:17","modified_gmt":"2019-05-22T14:57:17","slug":"palmares-2019-6eme-edition","status":"publish","type":"page","link":"https:\/\/lespetitscineastesdugolfe.org\/?page_id=114","title":{"rendered":"Palmar\u00e8s 2019 6\u00e8me \u00e9dition"},"content":{"rendered":"<p><strong>PALMARES DU FESTIVAL DU FILM SCOLAIRE DU MLF AFLEC : LES PETITS CINEASTES DU GOLFE du 15 mai 2019 \u00e0 Bahre\u00efn <\/strong><\/p>\n<p><strong>Cat\u00e9gorie Maternelle : Le nettoiemonde (GS &#8211; Lyc\u00e9e MLF Bahre\u00efn)<\/strong><\/p>\n<p><iframe loading=\"lazy\" src=\"https:\/\/www.youtube.com\/embed\/hucQvhIKk_M\" width=\"560\" height=\"315\" frameborder=\"0\" allowfullscreen=\"allowfullscreen\"><\/iframe><\/p>\n<p><strong>Cat\u00e9gorie CP-CE1-CE2 : La marelle (CE1- Lyc\u00e9e MLF Bahre\u00efn)<\/strong><\/p>\n<p><iframe loading=\"lazy\" src=\"https:\/\/www.youtube.com\/embed\/irzbYC9haWw\" width=\"560\" height=\"315\" frameborder=\"0\" allowfullscreen=\"allowfullscreen\"><\/iframe><\/p>\n<p><strong>Cat\u00e9gorie CM-6\u00e8me-5\u00e8me : Slam-Salam (CM2- Lyc\u00e9e MLF Bahre\u00efn)<\/strong><\/p>\n<p><iframe loading=\"lazy\" src=\"https:\/\/www.youtube.com\/embed\/qBzZBoM7zEs\" width=\"560\" height=\"315\" frameborder=\"0\" allowfullscreen=\"allowfullscreen\"><\/iframe><\/p>\n<p><strong>Cat\u00e9gorie 4<sup>\u00e8me<\/sup>\/3<sup>\u00e8me<\/sup>\/Coll\u00e8ge : Seul\u00a0 (1\u00e8re &#8211; LTM Abu Dhabi)\u00a0<\/strong><\/p>\n<p><iframe loading=\"lazy\" src=\"https:\/\/www.youtube.com\/embed\/kai0Ya6RCmA\" width=\"560\" height=\"315\" frameborder=\"0\" allowfullscreen=\"allowfullscreen\"><\/iframe><\/p>\n<p><strong>Prix sp\u00e9cial du jury : Fond vert (CP &#8211; EFID Djeddah)\u00a0<\/strong><\/p>\n<p><iframe loading=\"lazy\" src=\"https:\/\/www.youtube.com\/embed\/8bYDBtEzv_g\" width=\"560\" height=\"315\" frameborder=\"0\" allowfullscreen=\"allowfullscreen\"><\/iframe><\/p>\n<p><strong> Prix du public\u00a0: Slam-Salam (CM2- Lyc\u00e9e MLF Bahre\u00efn)<\/strong><\/p>\n<p><iframe loading=\"lazy\" src=\"https:\/\/www.youtube.com\/embed\/qBzZBoM7zEs\" width=\"560\" height=\"315\" frameborder=\"0\" allowfullscreen=\"allowfullscreen\" data-mce-fragment=\"1\"><\/iframe><\/p>\n","protected":false},"excerpt":{"rendered":"<p>PALMARES DU FESTIVAL DU FILM SCOLAIRE DU MLF AFLEC : LES PETITS CINEASTES DU GOLFE du 15 mai 2019 \u00e0 Bahre\u00efn Cat\u00e9gorie Maternelle : Le nettoiemonde (GS &#8211; Lyc\u00e9e MLF Bahre\u00efn) Cat\u00e9gorie CP-CE1-CE2 : La marelle (CE1- Lyc\u00e9e MLF Bahre\u00efn) Cat\u00e9gorie CM-6\u00e8me-5\u00e8me : Slam-Salam (CM2- Lyc\u00e9e MLF Bahre\u00efn) Cat\u00e9gorie 4\u00e8me\/3\u00e8me\/Coll\u00e8ge : Seul\u00a0 (1\u00e8re &#8211; LTM &hellip; <a href=\"https:\/\/lespetitscineastesdugolfe.org\/?page_id=114\" class=\"more-link\">Continue reading <span class=\"screen-reader-text\">Palmar\u00e8s 2019 6\u00e8me \u00e9dition<\/span><\/a><\/p>\n","protected":false},"author":1,"featured_media":0,"parent":0,"menu_order":0,"comment_status":"closed","ping_status":"closed","template":"","meta":{"footnotes":""},"class_list":["post-114","page","type-page","status-publish","hentry"],"_links":{"self":[{"href":"https:\/\/lespetitscineastesdugolfe.org\/index.php?rest_route=\/wp\/v2\/pages\/114","targetHints":{"allow":["GET"]}}],"collection":[{"href":"https:\/\/lespetitscineastesdugolfe.org\/index.php?rest_route=\/wp\/v2\/pages"}],"about":[{"href":"https:\/\/lespetitscineastesdugolfe.org\/index.php?rest_route=\/wp\/v2\/types\/page"}],"author":[{"embeddable":true,"href":"https:\/\/lespetitscineastesdugolfe.org\/index.php?rest_route=\/wp\/v2\/users\/1"}],"replies":[{"embeddable":true,"href":"https:\/\/lespetitscineastesdugolfe.org\/index.php?rest_route=%2Fwp%2Fv2%2Fcomments&post=114"}],"version-history":[{"count":3,"href":"https:\/\/lespetitscineastesdugolfe.org\/index.php?rest_route=\/wp\/v2\/pages\/114\/revisions"}],"predecessor-version":[{"id":117,"href":"https:\/\/lespetitscineastesdugolfe.org\/index.php?rest_route=\/wp\/v2\/pages\/114\/revisions\/117"}],"wp:attachment":[{"href":"https:\/\/lespetitscineastesdugolfe.org\/index.php?rest_route=%2Fwp%2Fv2%2Fmedia&parent=114"}],"curies":[{"name":"wp","href":"https:\/\/api.w.org\/{rel}","templated":true}]}}